
Let q(i) = i**2 - 912*i + 6218. What is q(7)?
-117
Let g(n) = -1098*n + 15765. Calculate g(14).
393
Let w(l) = 6*l**2 + 944*l - 3359. What is w(-161)?
183
Let w(q) = q**3 + 21*q**2 - 495*q - 253. Calculate w(-35).
-78
Let x(i) = 2*i**2 - 602*i + 26471. Calculate x(241).
-2449
Let u(b) = 2*b**3 - 563*b**2 - 43816*b + 600. Give u(345).
255
Let t(m) = 2*m**3 + 104*m**2 + 641*m + 39598. Give t(-53).
7
Let u(v) = v**3 + 14*v**2 - 266*v - 3629. Determine u(-13).
-2
Let t(v) = -782*v**2 + 9371*v + 182. Give t(12).
26
Let s(f) = 539024*f - 3773210. Give s(7).
-42
Let k(y) = y**3 + 122*y**2 - 213*y - 11520. Determine k(-123).
-450
Let u(w) = 3*w**2 - 42295*w - 169158. Determine u(-4).
70
Let u(m) = 27*m**3 - 8*m**2 + 91*m + 502. Give u(-5).
-3528
Let t(i) = 30*i + 46. Determine t(-11).
-284
Let q(b) = -9*b**3 + 132*b**2 - 82*b - 62. Give q(14).
-34
Let w(g) = -4*g**2 - 1039*g - 66918. Calculate w(-118).
-12
Let z(k) = 910*k**2 + 15417*k - 911. What is z(-17)?
-10
Let x(z) = 7*z**2 - 1800*z + 15784. Calculate x(248).
-88
Let s(u) = -u**2 - 80*u + 1363. What is s(-102)?
-881
Let z(o) = -3058*o - 18380. What is z(-6)?
-32
Let c(v) = -4*v**3 + 2752*v**2 + 2742*v + 9641. Calculate c(689).
-5
Let v(y) = 5*y**3 - 931*y**2 - 741*y - 1278. Give v(187).
31
Let k(i) = -4185*i + 1090. What is k(0)?
1090
Let m(d) = 3*d**3 + 6414*d**2 + 57478*d - 52. Calculate m(-9).
-7
Let n(o) = 3602*o - 187296. Calculate n(52).
8
Let h(l) = 587*l**3 + 14*l**2 - 13*l. Give h(1).
588
Let n(l) = -2*l**3 + 63*l**2 - 266*l - 333. Calculate n(25).
1142
Let w(j) = j**3 - 47*j**2 + 190*j - 1039. Give w(43).
-265
Let d(y) = -4771*y - 19044. Calculate d(-4).
40
Let z(m) = 790967*m - 5536775. Calculate z(7).
-6
Let t(h) = h**3 - h**2 + 16084*h + 64314. What is t(-4)?
-102
Let v(n) = n**2 + 137*n + 5537. Calculate v(-72).
857
Let h(z) = -33*z**2 - 846*z + 9205. Calculate h(11).
-4094
Let f(d) = -15*d**2 + 4257*d - 15942. Calculate f(280).
18
Let w(c) = -19027*c + 9075873. What is w(477)?
-6
Let o(u) = 7244*u - 37119. Determine o(5).
-899
Let b(s) = -5*s**2 + 146*s - 297. Determine b(2).
-25
Let a(w) = -2539*w - 246585. Determine a(-97).
-302
Let l(z) = 735*z + 8787. Determine l(-12).
-33
Let n(v) = 25*v**2 - 5023*v - 425. What is n(201)?
-23
Let j(u) = -u**3 + 97*u**2 - 34*u - 316. Give j(2).
-4
Let y(j) = -5*j**3 - 3*j**2 + 3294*j + 3296. Give y(-1).
4
Let p(c) = -10*c**3 - 37*c**2 + 87*c - 2. What is p(3)?
-344
Let y(q) = -27359*q + 492468. Give y(18).
6
Let n(t) = -24*t**2 - 1474*t + 54. Determine n(-62).
-814
Let w(k) = -k**3 + 21*k**2 - 148*k + 702. Determine w(14).
2
Let x(p) = -6*p**3 + 73*p**2 - 236*p + 70. Give x(6).
-14
Let i(z) = -3*z**2 - 19039*z - 152117. Give i(-8).
3
Let o(h) = -3262*h + 185938. Calculate o(57).
4
Let y(k) = -38*k**2 - 34*k + 57. Determine y(-5).
-723
Let o(z) = -2*z**3 - 44*z**2 + 198*z - 127. Calculate o(-26).
133
Let r(n) = -2*n**3 - 188*n**2 + 925*n - 6443. What is r(-99)?
-8
Let x(s) = 12*s**2 + 126*s + 162. Calculate x(-8).
-78
Let r(n) = -n**3 - 24*n**2 - 251*n - 5258. Give r(-23).
-14
Let r(y) = -y**3 - 1127*y**2 - 5617*y - 37. Give r(-5).
-2
Let u(m) = m**3 + 399*m**2 - 27540*m - 20. Determine u(-459).
-20
Let s(l) = 2*l**2 - 1129*l + 106991. Give s(444).
-13
Let u(x) = 153*x + 9982. Determine u(-65).
37
Let w(n) = -2*n**2 + 76*n + 646. Calculate w(44).
118
Let g(a) = 3*a**3 + 150*a**2 - 301*a + 611. Calculate g(-52).
39
Let n(x) = 2*x**2 + 3450*x + 37647. Determine n(-11).
-61
Let p(f) = -10849*f + 32771. Give p(3).
224
Let n(g) = 82*g**3 + 24*g**2 - 75*g + 46. What is n(3)?
2251
Let t(p) = 2*p**3 + 48*p**2 - 549*p - 3572. Calculate t(-31).
-7
Let p(m) = 62*m**2 - 3228*m - 3265. Determine p(-1).
25
Let g(i) = 2*i**3 + 21*i**2 - 13*i - 87. Determine g(-4).
173
Let o(s) = -31771*s**2 - 4892736*s - 309. Determine o(-154).
-1
Let p(r) = -35*r - 5278. What is p(-144)?
-238
Let d(c) = -171*c**2 - 70*c - 72. What is d(-1)?
-173
Let n(h) = -h**3 + 78*h**2 - 2001*h + 148140. Calculate n(77).
-8
Let y(q) = 66*q - 4553. Calculate y(77).
529
Let k(w) = 3383*w + 2652284. Calculate k(-784).
12
Let p(b) = -b**2 - 154*b - 4558. What is p(-38)?
-150
Let v(u) = 8184*u - 998153. Give v(122).
295
Let r(o) = 57152*o - 57165. Calculate r(1).
-13
Let g(q) = -q**3 + 413*q**2 + 6144*q + 118130. What is g(428)?
2
Let r(j) = 512*j - 194069. What is r(379)?
-21
Let i(w) = 20*w**2 - 801*w - 3184. Determine i(-4).
340
Let g(h) = -17974*h - 718901. Calculate g(-40).
59
Let i(v) = -228017*v - 1140090. Calculate i(-5).
-5
Let x(r) = 1291*r - 67427. What is x(52)?
-295
Let o(g) = 6038*g**2 + 36230*g + 8. Give o(-6).
-4
Let g(u) = -3*u**3 - 12*u**2 + 26*u + 116. Give g(-7).
375
Let y(d) = -3*d**3 + 18*d**2 + 15*d - 434. Give y(4).
-278
Let c(l) = -l**3 - 24*l**2 - 89*l + 51. What is c(-21)?
597
Let v(s) = 7*s**2 + 203*s + 90. Calculate v(-28).
-106
Let p(q) = -q**3 - 6*q**2 - 58*q - 163. What is p(-5)?
102
Let h(t) = -t**2 + 427*t - 43282. Give h(166).
44
Let m(z) = -19*z**2 - 238*z - 28. Give m(-12).
92
Let o(l) = -1216*l - 125252. What is o(-103)?
-4
Let q(s) = 17*s**3 - 88*s**2 - 15*s + 8. Calculate q(6).
422
Let n(l) = 950*l - 70603. What is n(74)?
-303
Let k(i) = 339*i**2 - 101*i + 16. Determine k(2).
1170
Let d(w) = -8*w**3 + 3569*w**2 - 448*w + 884. Give d(446).
-8
Let z(w) = 2*w**2 - 1701*w + 356023. Determine z(372).
19
Let p(w) = 4*w**2 - 44*w + 331. Give p(14).
499
Let v(u) = -60140*u - 360548. Give v(-6).
292
Let u(g) = g**3 - 64*g**2 - 94*g + 16924. Give u(61).
27
Let w(f) = f**3 - 48*f**2 + 595*f - 2107. Calculate w(31).
1
Let z(h) = 15*h - 37. Give z(-28).
-457
Let d(i) = 3*i**2 - 177*i + 231. Calculate d(55).
-429
Let b(r) = -4279*r + 162658. What is b(38)?
56
Let a(j) = 42*j**2 - 1555*j - 1569. Determine a(38).
-11
Let i(q) = 1422*q**2 - 713*q - 2135. What is i(-1)?
0
Let i(z) = 314*z**3 + 26689*z**2 - 250*z - 14015. Determine i(-85).
10
Let i(o) = 191311*o - 9756836. Calculate i(51).
25
Let f(d) = -d**2 - 3561*d - 406281. Calculate f(-118).
-7
Let h(u) = 3*u**3 - 1249*u**2 - 5893*u - 320. Calculate h(421).
101
Let c(u) = 58*u + 27399. Calculate c(-481).
-499
Let r(c) = -1209*c - 55562. Calculate r(-46).
52
Let q(w) = 7*w**3 - 2656*w**2 + 1162*w - 9619. What is q(379)?
-144
Let t(u) = u**2 + 1504*u - 45886. Determine t(30).
134
Let s(i) = i**3 + 231*i**2 + 441*i - 55394. Determine s(-228).
10
Let o(c) = 2*c**3 + 105*c**2 + 39*c - 734. Give o(-52).
-58
Let g(z) = 23*z**2 - 47*z - 2761. Determine g(-10).
9
Let b(y) = -y**3 + 105*y**2 - 368*y + 7439. Calculate b(102).
1115
Let l(r) = 3*r**2 - 19931*r + 119493. Determine l(6).
15
Let l(n) = 8126*n + 146298. What is l(-18)?
30
Let l(t) = -2891*t + 1072292. Calculate l(371).
-269
Let k(g) = g**2 - 7*g - 2099. Give k(-36).
-551
Let n(r) = 2*r**3 - 142*r**2 + 130*r + 663. Calculate n(70).
-37
Let r(b) = -b**3 + 142*b**2 - 2338*b - 73. Calculate r(19).
-92
Let s(o) = -o**3 + 22*o**2 + 553*o + 236. Give s(37).
162
Let y(q) = -q**3 - 6129*q**2 - 134355*q - 36. Calculate y(-22).
-14
Let u(v) = 15338*v - 659543. What is u(43)?
-9
Let s(v) = v**3 - 35*v**2 - 310*v + 2679. Give s(41).
55
Let k(p) = -17*p**2 - 114*p + 1196. Calculate k(-14).
-540
Let w(d) = 1777*d + 30143. Determine w(-17).
-66
Let h(w) = 382*w + 32713. What is h(-86)?
-139
Let y(k) = 13*k**2 - 5830*k + 57016. Determine y(10).
16
Let h(a) = 30*a**2 - 265*a + 1839. Determine h(7).
1454
Let t(z) = z**3 - 7*z**2 - 234*z + 1470. What is t(15)?
-240
Let d(b) = 2*b**2 - 53*b - 25921. Calculate d(-104).
1223
Let j(l) = l**2 + 1681*l + 24962. Give j(-15).
-28
Let b(v) = 3*v**3 - 88*v**2 + 360*v - 16. Give b(4).
208
Let q(u) = -u**3 + 3*u**2 + 400*u + 11. Determine q(21).
473
Let y(g) = -g**2 + 1183*g + 117175. Calculate y(-92).
-125
Let j(k) = -956*k - 237151. Calculate j(-248).
-63
Let j(k) = -2*k**3 + 8*k**2 + 82*k + 110. Determine j(9).
38
Let h(j) = -3*j**3 - 23*j**2 + 204*j + 34. Calculate h(-15).
1924
Let f(t) = -304*t + 57928. Give f(190).
168
Let h(w) = 96*w - 2493. Calculate h(60).
3267
Let s(h) = -20*h**2 - 87. Calculate s(6).
-807
Let g(a) = -11*a**3 + 484*a**2 - 5*a - 270. Calculate g(44).
-490
Let h(u) = u**2 - 426*u - 23604. Give h(-51).
723
Let j(v) = 84*v**2 - 2268*v - 5. Give j(27).
-5
Let z(v) = 4*v**3 - 135*v**2 - 153*v - 292. Determine z(35).
478
Le